{"id":313,"date":"2015-06-10T15:07:09","date_gmt":"2015-06-10T13:07:09","guid":{"rendered":"http:\/\/www.kiefernduene.de\/wordpress\/?page_id=313"},"modified":"2024-03-11T09:27:30","modified_gmt":"2024-03-11T08:27:30","slug":"pension-kiefernduene","status":"publish","type":"page","link":"https:\/\/www.kiefernduene.de\/wordpress\/pension-kiefernduene\/","title":{"rendered":"&#8222;Kiefernduene&#8220;"},"content":{"rendered":"<p><span style=\"font-family: Georgia;\"><strong>Die &#8222;Pension Kiefernduene&#8220; bietet Ihnen:<\/strong><\/span><\/p>\n<p>\u2022 4 sch\u00f6ne Appartements und Ferienwohnungen f\u00fcr 2 Personen mit WZ &#8211; Schl. &#8211; Du &#8211; WC, komf. Kleink\u00fcche<br \/>\n\u2022 z.T. Wintergarten mit Kamin, Terrasse, Balkon, TV, Seeblick, Zusatzbett m\u00f6glich<br \/>\n\u2022 incl. Parkplatz hinterm Haus, Fahrradunterstand, Sonnenliegewiese, Pavillon und Grillplatz<br \/>\n\u2022 Br\u00f6tchen- und Zeitungsservice<br \/>\n\u2022 Solarium und Waschmaschine vorhanden<br \/>\n\u2022 2 Wohnungen die sich im Ferienhaus befinden sind barrierefreie Wohnungen<br \/>\n\u2022 alle Wohnungen sind mit einem Safe und Deckenventilator ausgestattet<\/p>\n<p>&nbsp;<\/p>\n<p class=\"jetpack-slideshow-noscript robots-nocontent\">Diese Diashow ben\u00f6tigt JavaScript.<\/p><div id=\"gallery-313-1-slideshow\" class=\"jetpack-slideshow-window jetpack-slideshow jetpack-slideshow-black\" data-trans=\"fade\" data-autostart=\"1\" data-gallery=\"[{&quot;src&quot;:&quot;https:\\\/\\\/i0.wp.com\\\/www.kiefernduene.de\\\/wordpress\\\/wp-content\\\/uploads\\\/2015\\\/06\\\/FHausKiefernduene3.jpg?fit=1011%2C674\\u0026ssl=1&quot;,&quot;id&quot;:&quot;541&quot;,&quot;title&quot;:&quot;Au\\u00dfenansicht Ferienhaus Kiefernduene&quot;,&quot;alt&quot;:&quot;&quot;,&quot;caption&quot;:&quot;Au\\u00dfenansicht Ferienhaus Kiefernduene&quot;,&quot;itemprop&quot;:&quot;image&quot;},{&quot;src&quot;:&quot;https:\\\/\\\/i0.wp.com\\\/www.kiefernduene.de\\\/wordpress\\\/wp-content\\\/uploads\\\/2015\\\/06\\\/FHausKiefernduene1.jpg?fit=1011%2C674\\u0026ssl=1&quot;,&quot;id&quot;:&quot;546&quot;,&quot;title&quot;:&quot;Au\\u00dfenansicht Ferienhaus Kiefernduene&quot;,&quot;alt&quot;:&quot;&quot;,&quot;caption&quot;:&quot;Au\\u00dfenansicht Ferienhaus Kiefernduene&quot;,&quot;itemprop&quot;:&quot;image&quot;},{&quot;src&quot;:&quot;https:\\\/\\\/i0.wp.com\\\/www.kiefernduene.de\\\/wordpress\\\/wp-content\\\/uploads\\\/2015\\\/06\\\/FHausKiefernduene.jpg?fit=1011%2C674\\u0026ssl=1&quot;,&quot;id&quot;:&quot;540&quot;,&quot;title&quot;:&quot;Au\\u00dfenansicht Ferienhaus Kiefernduene&quot;,&quot;alt&quot;:&quot;&quot;,&quot;caption&quot;:&quot;Au\\u00dfenansicht Ferienhaus Kiefernduene&quot;,&quot;itemprop&quot;:&quot;image&quot;},{&quot;src&quot;:&quot;https:\\\/\\\/i0.wp.com\\\/www.kiefernduene.de\\\/wordpress\\\/wp-content\\\/uploads\\\/2015\\\/06\\\/Impressionen.jpg?fit=1011%2C674\\u0026ssl=1&quot;,&quot;id&quot;:&quot;543&quot;,&quot;title&quot;:&quot;Impressionen&quot;,&quot;alt&quot;:&quot;&quot;,&quot;caption&quot;:&quot;Impressionen&quot;,&quot;itemprop&quot;:&quot;image&quot;},{&quot;src&quot;:&quot;https:\\\/\\\/i0.wp.com\\\/www.kiefernduene.de\\\/wordpress\\\/wp-content\\\/uploads\\\/2015\\\/06\\\/Bungalow3.jpg?fit=1011%2C674\\u0026ssl=1&quot;,&quot;id&quot;:&quot;548&quot;,&quot;title&quot;:&quot;Bungalow&quot;,&quot;alt&quot;:&quot;&quot;,&quot;caption&quot;:&quot;Bungalow&quot;,&quot;itemprop&quot;:&quot;image&quot;},{&quot;src&quot;:&quot;https:\\\/\\\/i0.wp.com\\\/www.kiefernduene.de\\\/wordpress\\\/wp-content\\\/uploads\\\/2015\\\/06\\\/Bungalow4.jpg?fit=1011%2C674\\u0026ssl=1&quot;,&quot;id&quot;:&quot;544&quot;,&quot;title&quot;:&quot;Bungalow&quot;,&quot;alt&quot;:&quot;&quot;,&quot;caption&quot;:&quot;Bungalow&quot;,&quot;itemprop&quot;:&quot;image&quot;},{&quot;src&quot;:&quot;https:\\\/\\\/i0.wp.com\\\/www.kiefernduene.de\\\/wordpress\\\/wp-content\\\/uploads\\\/2015\\\/06\\\/Ansicht1.jpg?fit=953%2C715\\u0026ssl=1&quot;,&quot;id&quot;:&quot;397&quot;,&quot;title&quot;:&quot;Au\\u00dfenansicht Haus Kiefernduene&quot;,&quot;alt&quot;:&quot;&quot;,&quot;caption&quot;:&quot;Au\\u00dfenansicht Haus Kiefernduene&quot;,&quot;itemprop&quot;:&quot;image&quot;},{&quot;src&quot;:&quot;https:\\\/\\\/i0.wp.com\\\/www.kiefernduene.de\\\/wordpress\\\/wp-content\\\/uploads\\\/2015\\\/06\\\/HausKiefernduene1.jpg?fit=1011%2C674\\u0026ssl=1&quot;,&quot;id&quot;:&quot;542&quot;,&quot;title&quot;:&quot;Haus Kiefernduene&quot;,&quot;alt&quot;:&quot;&quot;,&quot;caption&quot;:&quot;Haus Kiefernduene&quot;,&quot;itemprop&quot;:&quot;image&quot;}]\" itemscope itemtype=\"https:\/\/schema.org\/ImageGallery\"><\/div>\n<p><span style=\"font-family: Georgia;\">\u00a0<\/span><\/p>\n<p>&nbsp;<\/p>\n<p>&nbsp;<\/p>\n","protected":false},"excerpt":{"rendered":"<p>Die &#8222;Pension Kiefernduene&#8220; bietet Ihnen: \u2022 4 sch\u00f6ne Appartements und Ferienwohnungen f\u00fcr 2 Personen mit WZ &#8211; Schl. &#8211; Du &#8211; WC, komf. Kleink\u00fcche \u2022 z.T. Wintergarten mit Kamin, Terrasse, Balkon, TV, Seeblick, Zusatzbett m\u00f6glich \u2022 incl. Parkplatz hinterm Haus, [&hellip;]<\/p>\n","protected":false},"author":2,"featured_media":0,"parent":0,"menu_order":0,"comment_status":"closed","ping_status":"closed","template":"","meta":{"jetpack_post_was_ever_published":false,"footnotes":""},"class_list":["post-313","page","type-page","status-publish","hentry"],"jetpack_sharing_enabled":false,"jetpack_shortlink":"https:\/\/wp.me\/P6jQCj-53","_links":{"self":[{"href":"https:\/\/www.kiefernduene.de\/wordpress\/wp-json\/wp\/v2\/pages\/313","targetHints":{"allow":["GET"]}}],"collection":[{"href":"https:\/\/www.kiefernduene.de\/wordpress\/wp-json\/wp\/v2\/pages"}],"about":[{"href":"https:\/\/www.kiefernduene.de\/wordpress\/wp-json\/wp\/v2\/types\/page"}],"author":[{"embeddable":true,"href":"https:\/\/www.kiefernduene.de\/wordpress\/wp-json\/wp\/v2\/users\/2"}],"replies":[{"embeddable":true,"href":"https:\/\/www.kiefernduene.de\/wordpress\/wp-json\/wp\/v2\/comments?post=313"}],"version-history":[{"count":5,"href":"https:\/\/www.kiefernduene.de\/wordpress\/wp-json\/wp\/v2\/pages\/313\/revisions"}],"predecessor-version":[{"id":974,"href":"https:\/\/www.kiefernduene.de\/wordpress\/wp-json\/wp\/v2\/pages\/313\/revisions\/974"}],"wp:attachment":[{"href":"https:\/\/www.kiefernduene.de\/wordpress\/wp-json\/wp\/v2\/media?parent=313"}],"curies":[{"name":"wp","href":"https:\/\/api.w.org\/{rel}","templated":true}]}}